*j - 7 = 3*l - 24. Suppose 3*w - l = 66. Is w a prime number?
True
Suppose 3*w = -4*q + 279, w + 254 = 4*q - w. Suppose -q = 4*u + 18. Is (-30)/4*98/u a composite number?
True
Suppose -w = 93 - 315. Suppose 0 = 3*n - 171 - w. Is n composite?
False
Let g(y) = -y**2 - 3*y + 2. Let f be g(-4). Suppose -5*i + 4*i + 5 = -4*z, -3*i + z + 15 = 0. Is -29*(5 + f - i) composite?
True
Let g = -34 - -37. Is g/(-2)*((-4060)/15 - 2) prime?
True
Is (-4138)/(-6) + (-3 - 13/(-3)) composite?
False
Let p be -9*1*6/9. Let c(g) = 4*g**3 - g**2 + 3*g + 1. Let l be c(p). Let w = -472 - l. Is w a prime number?
False
Let w = 1726 + -233. Let h be -9*(8 - (-888)/(-9)). Let d = w - h. Is d composite?
False
Let d(n) = n**2 + 7*n - 3. Let g be d(-8). Suppose 4*j - 8*y - 1422 = -6*y, 0 = 3*j + g*y - 1060. Is j composite?
True
Let y be (-5)/(-1) + (1 - 0). Suppose 0 = y*r + 372 - 1638. Is r prime?
True
Let z = -7284 + 12335. Is z composite?
False
Let a = 1280 - 618. Is a a composite number?
True
Suppose 0 = -d + 3*o + 542, 29*o + 547 = d + 25*o. Is d a prime number?
False
Suppose 3*j + 3460 = -u, -3*u = 3*j - 0*j + 3456. Let k = -277 - j. Is k a composite number?
False
Let t(h) = -25*h - 8. Let c(r) = 51*r + 16. Let u(g) = 3*c(g) + 7*t(g). Is u(-3) prime?
False
Let z = 17 - 17. Suppose z = -4*w + 540 + 1880. Suppose -5*y + 0*y - 2*g = -739, 4*y = 3*g + w. Is y a prime number?
True
Suppose -2*j - 2*b + 6 = -6, 0 = b - 2. Suppose -k = -j*k + 306. Suppose -182 = -4*w + k. Is w a prime number?
True
Is (11/11)/(1/1649) composite?
True
Suppose 3*s + 24 = -18. Let j = 17 + s. Is (-2)/(-4)*(257 - j) composite?
False
Let w(f) = -2*f + 13. Let u be w(4). Suppose 4*p + 3*m - 8*m = u, -5 = 5*m. Suppose p = 3*l + 2*c - 2657, -1798 = -2*l + 2*c + 2*c. Is l a composite number?
True
Suppose -2*g = -406 - 284. Let k = g + 286. Is k a prime number?
True
Let b(w) = 23*w + 4. Let h(r) = -46*r - 7. Let y(d) = -11*b(d) - 6*h(d). Let c = 17 + -14. Is y(c) composite?
False
Let q(y) = 20*y + 63. Is q(26) a prime number?
False
Let i(m) = m**3 - 8*m**2 + m - 5. Suppose 5*p - 10 = 0, -2*q - p = 2*q - 34. Let t be i(q). Suppose t*k - 220 = -k. Is k a composite number?
True
Let l = -764 + 276. Let i = 725 + l. Is i a composite number?
True
Let b = -7998 - -23903. Is b a prime number?
False
Let o be 11 + -11 + 2/(-2). Is 79*o*(-3 + (-8)/(-4)) composite?
False
Is (124 - -18)/(4/62) a prime number?
False
Let n = -1217 - -2136. Is n prime?
True
Suppose w = 4*o, -2*w - 3*o + 8*o = 15. Is 1*11 + w/(-10) composite?
False
Suppose 0*r - 5*u = 2*r - 87711, 0 = -5*u + 25. Is r a prime number?
False
Let p(w) be the third derivative of -347*w**6/120 - w**5/60 - w**4/24 - 11*w**2. Is p(-1) composite?
False
Let m be -9*((4/3)/(-4))/1. Suppose -m*l = l - 2*r - 1270, 2 = -2*r. Is l a prime number?
True
Let l(k) = -k**3 + 4*k**2 - 3*k - 2. Let f be l(3). Is 4 + f + 0 - -185 prime?
False
Suppose 5*q = -4*z + 23149, -3*q = -0*z + z - 5782. Is z prime?
True
Let t be (1*4)/(44/33)*1. Suppose -1063 = -5*z - 2*w, -t*z + 4*w = -0*z - 617. Is z a prime number?
True
Let j(t) = -t**3 - 4*t**2 - 4*t - 1. Let a be j(-4). Let b = -11 + a. Is (b/(-4) - 190)*-1 a composite number?
False
Let y(w) = -w**3 + 38*w**2 - 42*w - 14. Is y(25) a composite number?
True
Let y(b) = 32*b**2 - 29*b - 6. Let t be y(12). Suppose -2*o = -0*v - 4*v - t, -2*o + 4253 = -5*v. Is o prime?
True
Suppose -l - 117 = -3*x, -4*x = -3*l + l - 158. Let y = 29 - x. Is 1155/27 + (-2)/y a prime number?
True
Let k(z) = 105*z**2 - 11*z - 37. Is k(-6) prime?
False
Let r(b) = 129*b**2 + 31*b + 161. Is r(-6) a composite number?
True
Let q(c) = 2*c**2 + c + 2. Let j be q(2). Let m(y) = 4*y**2 + 12*y - 19. Is m(j) a composite number?
False
Suppose 6328 = 6*d + 2014. Is d prime?
True
Let v(x) = -3*x**3 - x**2 + 2 - 5 - 11*x + 1. Is v(-11) a prime number?
False
Let j be 93/(-15) - (-2)/10. Is 1278/(-15)*15/j prime?
False
Let v = -11 + -6. Let u = 145 + v. Suppose u = d - 105. Is d prime?
True
Suppose 192 = 5*y - 9*y. Let j = 1835 - y. Is j composite?
True
Suppose -5*h - h + 40902 = 0. Is h a prime number?
False
Let u(l) = 5*l + 75. Let b(n) = -11*n - 149. Let p(f) = 4*b(f) + 9*u(f). Is p(0) prime?
True
Let v(k) = 2*k**3 - 3*k**2 + 2*k - 3. Suppose -6*y + 8 = -2*y. Let q be v(y). Suppose -5*t - 427 = -2*r, q*t - 463 = -5*r + 587. Is r composite?
False
Let o = 27580 - 6321. Is o prime?
False
Let h = 237 - 106. Is h a prime number?
True
Let q(z) = 9*z - 10. Let a be q(-13). Let k = 131 - a. Suppose 325 = y - k. Is y prime?
False
Let r be (-2)/(-6) + 154/33. Suppose r*m = 4*m + 63. Let a = m - -32. Is a a prime number?
False
Let y = 41744 + -23259. Is y a prime number?
False
Let u = 37394 + -3673. Is u a composite number?
False
Let v(i) = 75*i + 346. Is v(48) a composite number?
True
Suppose -5*a + 200 = -3*a. Suppose 0 = -c + a + 198. Is 1/(1 - -1)*c a composite number?
False
Suppose 4*s = 4*q - 7*q + 40606, q - 10152 = -s. Is s/49 - -2 - (-1)/(-7) a composite number?
True
Suppose -3*p - p = -12. Suppose 4*z - 5*j - 160 + 60 = 0, p*z = -5*j + 110. Suppose s = -4*a + z, s - 70 = -s - 3*a. Is s a prime number?
False
Let f = 522 + 4141. Is f a prime number?
True
Suppose -6 = 5*t - 16. Let i(r) = -r**2 + 9*r - 17. Let n be i(4). Is 3280/15 - t/n a prime number?
False
Let i(c) = -135*c - 55. Let y(h) = 5 - 18*h + 1 + 33*h. Let b(s) = -4*i(s) - 35*y(s). Is b(7) a composite number?
True
Is (-1 - 10/(-14)) + (-3105999)/(-273) a prime number?
False
Suppose -h - 8 = -11. Suppose 4*t - r + h*r - 1546 = 0, -4*t - 3*r = -1551. Suppose -4*f + t = 4*v, -f = 3*v + 4*f - 292. Is v prime?
False
Let v(z) = 2*z**2 + 18*z - 1. Let k be v(-9). Let a be k/(4 + (-207)/52). Let n = 139 + a. Is n a composite number?
True
Let o(s) = 103*s**2 + s - 10. Let b be o(-4). Suppose 4*u = 3*v - 4921, 3*v + 5*u = 2*v + b. Is v composite?
True
Let s be 10/(-1) - (2 + -5). Let x = s - -12. Suppose 317 - 82 = x*a. Is a prime?
True
Let x = -3281 + 17062. Is x a composite number?
False
Suppose 5*q + 9 = -3*d, 1 = -d - 0*q - q. Suppose -1 = -l - d. Let h(y) = 10*y**2 + y. Is h(l) a prime number?
False
Let o(c) = -26*c**3 - 16*c**2 + 11*c + 64. Is o(-9) a composite number?
False
Let k be (66 - -8)/((-1)/(-2)). Let b be (-1)/(-4) + (-419)/(-4). Suppose g = k + b. Is g a composite number?
True
Suppose -17423 = 23*y - 1397170. Is y a prime number?
False
Let v(s) = 3*s - 20. Let r be v(8). Suppose -x - 9 = -5*w, -w - r*x = 3*w + 12. Is ((-39)/(-65))/(w/35) a prime number?
False
Suppose 0*y = -2*y - 4*d + 928, 893 = 2*y - 3*d. Is y prime?
False
Let d(u) = -234*u**3 + 2*u**2 + 86*u + 11. Is d(-9) prime?
False
Suppose -4272 = -5*b + 263. Let w = -456 + b. Is w a prime number?
False
Let k(i) = i**3 + 18*i**2 - i - 37. Is k(-13) a prime number?
True
Let j = 2 - -3. Suppose -286 = 4*l - 5*l - j*w, -928 = -3*l - w. Is l a composite number?
False
Let s(x) = -11*x + 835. Is s(-6) prime?
False
Suppose 4*l = 22 - 2. Let i be l/(-10) + (-6)/4. Is (-1 - 1) + 525 + i a composite number?
False
Let b = 47198 - 25537. Is b a composite number?
False
Suppose 3*u + 4*o - 2682 = 455, 0 = -3*u + 4*o + 3097. Is u composite?
False
Suppose -34*q = -23*q - 66. Let s = -254 - -1139. Suppose z = q*z - s. Is z composite?
True
Let u = -612 - -1314. Let m = -385 + u. Is m prime?
True
Let p(x) = 949*x + 44. Let g(v) = -632*v - 29. Let q(m) = 8*g(m) + 5*p(m). Is q(-3) a composite number?
True
Let q = 11 + -17. Let m be ((-16)/q)/((-12)/(-18)). Suppose -m*c - 4 = 0, -c + 736 = 5*u - 8. Is u a prime number?
True
Let a(c) = -93*c - 233. Is a(-4) a composite number?
False
Is 6804/38 + 12/(-228) a composite number?
False
Let x(k) = 4*k + 14. Let q be x(-4). Is (8 - -2195)/(-1 + q/(-1)) composite?
False
Is (0 - (-3 + 2)) + (-12080)/(-8) composite?
False
Let j = -22146 + 32279. Is j a prime number?
True
Let n(u) be the third derivative of -u**6/60 - 7*u**5/30 - 5*u**4/12 - u**3/2 + 12*u**2. Is n(-9) a prime number?
False
Suppose -2*n = 3*m + n - 18, 0 = 5*m + 3*n - 24. Let v(s) = 2*s**3 - s - 5. Is v(m) a composite number?
True
Let i(m) = -906*m - 685*m - 981*m + 2 + 795*m. Is i(-1) prime?
False
Let o be (5 - 8) + (2 - -11). Let y = o - 8. Suppose -70 = -y*h + 376. Is h a composite number?
False
Let n be (-9090)/(-22) + (-20)/110. Let j = n - 235. Is j a prime